s the greatest common divisor of 400 and 128?
16
Calculate the greatest common divisor of 343 and 28.
7
What is the greatest common divisor of 72 and 64?
8
Calculate the greatest common factor of 9 and 458.
1
What is the highest common divisor of 69 and 4830?
69
Calculate the highest common factor of 49401 and 99.
99
What is the highest common divisor of 55 and 65835?
55
Calculate the greatest common factor of 1040 and 60.
20
What is the highest common divisor of 16136 and 8?
8
Calculate the greatest common factor of 954 and 288.
18
Calculate the highest common factor of 72 and 24264.
72
What is the highest common divisor of 37 and 23199?
37
What is the greatest common divisor of 43 and 129?
43
What is the highest common divisor of 2698 and 247?
19
What is the highest common factor of 242 and 2585?
11
What is the highest common divisor of 12 and 1308?
12
Calculate the greatest common factor of 270 and 486.
54
Calculate the greatest common divisor of 2210 and 650.
130
What is the greatest common factor of 43 and 731?
43
Calculate the highest common divisor of 26 and 130.
26
What is the greatest common factor of 20505 and 15?
15
Calculate the greatest common divisor of 154 and 110.
22
What is the highest common factor of 1968 and 888?
24
Calculate the highest common factor of 8 and 4456.
8
Calculate the highest common divisor of 105 and 21.
21
What is the highest common factor of 60 and 1044?
12
What is the highest common divisor of 220 and 132?
44
Calculate the greatest common factor of 46 and 1909.
23
What is the greatest common factor of 7 and 553?
7
Calculate the greatest common divisor of 204 and 510.
102
Calculate the greatest common divisor of 253 and 33.
11
What is the highest common divisor of 1370 and 40?
10
What is the greatest common divisor of 247 and 57?
19
What is the highest common factor of 306 and 324?
18
What is the greatest common divisor of 23 and 115?
23
Calculate the highest common divisor of 9 and 3.
3
Calculate the highest common factor of 304 and 752.
16
Calculate the greatest common divisor of 14006 and 94.
94
What is the greatest common factor of 155 and 62?
31
Calculate the greatest common factor of 20 and 45.
5
What is the greatest common divisor of 40 and 1880?
40
What is the highest common divisor of 1 and 163?
1
Calculate the greatest common factor of 2130 and 15.
15
Calculate the greatest common divisor of 416 and 494.
26
Calculate the greatest common factor of 69 and 138.
69
Calculate the highest common factor of 138 and 322.
46
What is the highest common factor of 192 and 264?
24
Calculate the highest common factor of 54 and 54.
54
What is the greatest common factor of 1147 and 37?
37
What is the greatest common factor of 55 and 22?
11
What is the greatest common divisor of 21 and 777?
21
Calculate the highest common factor of 70 and 30.
10
What is the highest common factor of 17 and 799?
17
Calculate the highest common factor of 1304 and 163.
163
What is the highest common divisor of 10 and 27245?
5
Calculate the greatest common factor of 132 and 297.
33
What is the greatest common divisor of 735 and 315?
105
Calculate the greatest common factor of 110 and 70.
10
Calculate the greatest common divisor of 2 and 14.
2
What is the greatest common factor of 138 and 50646?
138
What is the highest common divisor of 4 and 122?
2
What is the greatest common factor of 85 and 17?
17
What is the highest common divisor of 22 and 22?
22
Calculate the greatest common divisor of 48 and 560.
16
What is the highest common divisor of 2010 and 150?
30
What is the greatest common factor of 1232 and 336?
112
What is the highest common divisor of 6 and 18?
6
What is the highest common divisor of 588 and 12?
12
What is the highest common divisor of 104 and 12532?
52
Calculate the greatest common divisor of 26 and 221.
13
Calculate the highest common factor of 42375 and 375.
375
What is the greatest common factor of 240 and 2240?
80
Calculate the greatest common factor of 27 and 45.
9
What is the highest common factor of 1476 and 36?
36
Calculate the greatest common divisor of 600 and 16680.
120
Calculate the greatest common divisor of 1374 and 18.
6
Calculate the greatest common factor of 11484 and 528.
132
Calculate the greatest common factor of 130 and 20.
10
Calculate the highest common factor of 4 and 46.
2
Calculate the highest common divisor of 570 and 3306.
114
What is the greatest common factor of 4 and 20?
4
What is the highest common divisor of 1215 and 15?
15
What is the highest common factor of 82 and 18778?
82
Calculate the greatest common divisor of 2840 and 35.
5
Calculate the greatest common divisor of 99 and 88.
11
What is the greatest common factor of 169 and 7?
1
What is the greatest common divisor of 5151 and 18?
3
What is the highest common factor of 90 and 110?
10
What is the greatest common divisor of 387 and 43?
43
Calculate the greatest common divisor of 11 and 3190.
11
Calculate the highest common divisor of 14 and 1827.
7
What is the greatest common divisor of 374 and 154?
22
What is the greatest common divisor of 16 and 36?
4
What is the highest common divisor of 128 and 6784?
128
What is the highest common divisor of 11 and 528?
11
Calculate the greatest common divisor of 5251 and 89.
89
Calculate the greatest common factor of 8 and 8.
8
Calculate the greatest common factor of 187 and 153.
17
Calculate the greatest common divisor of 242 and 88.
22
Calculate the greatest common factor of 1482 and 52.
26
What is the highest common factor of 30 and 47805?
15
What is the greatest common factor of 2004 and 12?
12
What is the highest common divisor of 5336 and 736?
184
Calculate the highest common divisor of 343 and 539.
49
What is the greatest common divisor of 112 and 140?
28
What is the highest common divisor of 1696 and 32?
32
What is the greatest common factor of 976 and 4?
4
What is the greatest common factor of 1512 and 144?
72
Calculate the greatest common factor of 33664 and 16.
16
Calculate the highest common factor of 1128 and 3525.
141
What is the greatest common divisor of 56 and 651?
7
What is the highest common factor of 58 and 145?
29
What is the greatest common divisor of 56 and 16?
8
Calculate the greatest common factor of 216 and 2088.
72
Calculate the highest common divisor of 195 and 30.
15
Calculate the highest common divisor of 15 and 1165.
5
What is the highest common factor of 36 and 8244?
36
What is the highest common factor of 15 and 59970?
15
What is the highest common divisor of 1170 and 3960?
90
What is the highest common divisor of 123 and 3?
3
What is the highest common divisor of 2432 and 128?
128
Calculate the highest common divisor of 71 and 1633.
71
What is the greatest common divisor of 2747 and 67?
67
Calculate the greatest common divisor of 448 and 2704.
16
Calculate the highest common factor of 210 and 165.
15
Calculate the greatest common divisor of 305 and 793.
61
Calculate the highest common factor of 165 and 385.
55
What is the greatest common factor of 480 and 260?
20
What is the highest common factor of 48 and 4016?
16
What is the greatest common factor of 1176 and 48?
24
Calculate the greatest common factor of 20 and 12.
4
What is the highest common divisor of 275 and 110?
55
What is the highest common divisor of 4752 and 270?
54
Calculate the greatest common factor of 340 and 544.
68
What is the highest common divisor of 41 and 123?
41
What is the highest common divisor of 420 and 135?
15
Calculate the highest common divisor of 168 and 252.
84
What is the highest common divisor of 12 and 492?
12
What is the greatest common factor of 286 and 78?
26
Calculate the highest common factor of 300 and 168.
12
What is the highest common divisor of 180 and 3420?
180
What is the highest common divisor of 37 and 925?
37
Calculate the greatest common factor of 783 and 54.
27
Calculate the greatest common divisor of 19 and 2565.
19
Calculate the greatest common factor of 12 and 4.
4
What is the greatest common divisor of 125 and 20?
5
Calculate the highest common factor of 13 and 832.
13
What is the greatest common factor of 737 and 2412?
67
What is the highest common divisor of 14523 and 206?
103
Calculate the highest common divisor of 33 and 1056.
33
Calculate the great